
-6
Let z(j) = -97*j + 2817. Calculate z(29).
4
Let n(m) = 3*m**2 - 32*m - 119. Determine n(-12).
697
Let d(j) = -j**3 - 2*j**2 + 14*j + 1. What is d(3)?
-2
Let l(m) = 2*m**3 + 40*m**2 - 3*m + 96. Calculate l(-20).
156
Let x(q) = q**3 - 29*q**2 - 298*q - 71. Give x(37).
-145
Let t(x) = -44*x + 141. What is t(3)?
9
Let k(f) = -4*f**2 + 52*f + 329. What is k(15)?
209
Let z(i) = -i**3 - 13*i**2 - 16*i + 60. Give z(-11).
-6
Let i(f) = 2*f**3 + 91*f**2 + 132*f + 20. Give i(-44).
20
Let b(u) = -29*u**2 - 201*u + 36. Give b(-7).
22
Let x(b) = 108*b - 999. What is x(9)?
-27
Let f(h) = -356*h - 8183. Give f(-23).
5
Let g(f) = -10*f**2 + 220*f - 942. Determine g(16).
18
Let k(q) = -4*q**3 + 39*q**2 + q + 48. Give k(10).
-42
Let c(t) = -2*t**3 - 16*t**2 + 154*t + 306. Determine c(-13).
-6
Let j(l) = -2*l**3 - 11*l**2 + 7*l + 33. Give j(-6).
27
Let l(t) = 7*t**2 + 89*t - 400. Determine l(5).
220
Let a(f) = 4*f**2 + 27*f - 88. Determine a(-9).
-7
Let m(o) = 3*o**2 + 192*o + 878. Calculate m(-5).
-7
Let y(m) = 67*m - 12494. Give y(187).
35
Let w(y) = -6*y**3 - 28*y**2 + 59*y + 78. Give w(-6).
12
Let h(j) = -1189*j + 7230. Calculate h(6).
96
Let q(l) = -14*l**2 + 97*l - 23. Determine q(10).
-453
Let m(w) = 9*w**2 - 1387*w + 2909. Calculate m(152).
21
Let k(p) = p**2 + 25*p - 360. Determine k(9).
-54
Let b(s) = -2*s**2 + 9*s + 625. Give b(-15).
40
Let d(j) = -6081*j + 12157. Give d(2).
-5
Let d(v) = 95*v - 13975. What is d(147)?
-10
Let n(w) = -189*w + 854. Give n(5).
-91
Let m(x) = x**3 + 14*x**2 - 4713*x - 91. Give m(-76).
-15
Let k(p) = -p**3 + 36*p**2 + 168*p - 310. What is k(40)?
10
Let y(d) = 7121*d - 149545. Give y(21).
-4
Let g(l) = -5*l**2 - 11*l + 160. Calculate g(5).
-20
Let p(g) = 78*g + 621. Calculate p(-8).
-3
Let s(g) = 2*g**3 - 94*g**2 + g - 31. Calculate s(47).
16
Let x(b) = b**3 + 15*b**2 - 5*b - 98. Give x(-15).
-23
Let a(v) = -184*v**2 - 13*v - 24. Determine a(-2).
-734
Let a(q) = -56*q + 1722. Give a(27).
210
Let r(i) = 2*i**3 + 14*i**2 - 5*i - 40. Calculate r(-7).
-5
Let m(q) = -q**2 + 3561*q + 21400. What is m(-6)?
-2
Let a(u) = -13*u - 437. Calculate a(-29).
-60
Let t(y) = -y**3 + 34*y**2 - 234*y - 147. Give t(24).
-3
Let q(p) = -p**2 - 56*p + 38035. What is q(-225)?
10
Let m(z) = 32*z + 205. What is m(0)?
205
Let i(b) = b**3 - 137*b**2 + 275*b - 712. Determine i(135).
-37
Let k(z) = -7*z**2 - 34*z - 114. Give k(-3).
-75
Let j(l) = -137*l + 697. Determine j(5).
12
Let w(z) = 11*z**3 + 11*z**2 - 13*z + 3. Give w(1).
12
Let c(k) = 69*k - 270. Give c(13).
627
Let b(o) = -o**3 - 9*o**2 - o + 66. Determine b(-7).
-25
Let r(o) = 11*o**2 + 42*o - 2. Give r(-4).
6
Let l(y) = 2*y**2 + 10*y - 98. Calculate l(-10).
2
Let h(z) = 2*z**2 - 21*z + 647. What is h(0)?
647
Let z(b) = b**2 + 9*b - 265. Determine z(12).
-13
Let x(l) = -l**3 - 27*l**2 - 44*l - 34. What is x(-25)?
-184
Let v(y) = y**3 - 7*y**2 - 67*y - 6. Give v(13).
137
Let n(k) = 321*k + 628. What is n(-2)?
-14
Let o(s) = 2*s**2 + 8*s + 41. Give o(-7).
83
Let v(z) = -2*z**2 + 131*z - 1145. Give v(55).
10
Let f(l) = l**2 + 17*l + 10. Calculate f(-25).
210
Let b(z) = 82*z - 278. Determine b(-7).
-852
Let u(a) = -678*a - 71186. Calculate u(-105).
4
Let w(g) = -2*g**3 + 10*g**2 + 5*g + 33. Calculate w(-5).
508
Let y(r) = 85*r - 1800. Calculate y(23).
155
Let m(t) = 2*t**3 - 25*t**2 + 9*t + 39. What is m(12)?
3
Let n(u) = u**3 + 11*u**2 - 988*u - 9965. Give n(-10).
15
Let v(b) = 3690*b - 19. What is v(0)?
-19
Let z(s) = -s**3 - 17*s**2 + 1904*s - 215. Give z(-53).
-3
Let y(v) = 601*v - 3006. What is y(5)?
-1
Let x(g) = g**3 - 34*g**2 + 312*g - 404. Calculate x(15).
1
Let a(t) = 346*t - 28657. Give a(83).
61
Let a(g) = 4*g**3 + 5*g**2 + 6*g - 15. Calculate a(-3).
-96
Let q(h) = -131*h + 59. Give q(2).
-203
Let g(v) = -6*v**2 - 128*v + 3916. Calculate g(17).
6
Let n(d) = -395*d + 2050. What is n(5)?
75
Let u(z) = 17*z**2 - 165*z + 348. Give u(3).
6
Let d(s) = -4339*s + 4337. Calculate d(1).
-2
Let o(w) = 8*w**2 - 3*w - 16. Determine o(0).
-16
Let a(g) = g**2 + 28*g - 279. What is a(-38)?
101
Let h(z) = -z**2 - 520*z - 28407. Give h(-62).
-11
Let g(m) = -67*m - 208. Calculate g(-8).
328
Let s(x) = -x**2 + 18*x + 16. Give s(14).
72
Let v(s) = 4*s**3 + 6*s**2 + 7*s + 2. What is v(-5)?
-383
Let w(f) = f**2 + 13*f + 44. What is w(-11)?
22
Let g(i) = i**3 + 43*i**2 - 51*i - 300. Give g(-44).
8
Let w(j) = j**2 + 21*j - 606. What is w(-40)?
154
Let b(o) = 20*o - 270. Give b(13).
-10
Let n(b) = -25*b**3 - 1674*b**2 + 72*b + 331. Give n(-67).
-4
Let a(g) = -4*g**2 + 17*g - 20. Give a(7).
-97
Let y(u) = 2*u - 56. Calculate y(-37).
-130
Let w(u) = -607*u - 39464. Determine w(-65).
-9
Let x(f) = -471*f + 11779. What is x(25)?
4
Let k(w) = -w**3 + 54*w**2 + 41*w + 761. Calculate k(55).
-9
Let j(h) = -62*h - 1667. Determine j(-27).
7
Let q(s) = s**3 + 13*s**2 + 11*s + 161. What is q(-13)?
18
Let d(m) = 6*m - 247. Give d(39).
-13
Let c(w) = -9*w + 768. Calculate c(83).
21
Let n(f) = -1425*f + 7114. What is n(5)?
-11
Let o(w) = 87*w + 4545. Calculate o(-52).
21
Let x(o) = -409*o**2 + 11861*o - 3. What is x(29)?
-3
Let h(f) = 30*f**2 - 4592*f + 319. Determine h(153).
13
Let h(m) = -m**2 + 35*m + 89. Calculate h(35).
89
Let o(c) = -3*c**2 + 44*c. Determine o(7).
161
Let z(n) = -26*n - 23. Calculate z(15).
-413
Let p(v) = 296*v - 3034. Determine p(9).
-370
Let p(u) = 183*u + 79. Calculate p(-2).
-287
Let p(d) = -2*d**3 - 89*d**2 - 34*d + 222. What is p(-44)?
-218
Let z(h) = 9*h - 282. What is z(15)?
-147
Let m(k) = k**2 + 29*k - 183. Calculate m(-36).
69
Let t(d) = -32*d**2 + 10*d + 4. Calculate t(1).
-18
Let z(t) = -2*t**2 - 92*t - 924. Determine z(-31).
6
Let l(f) = -f**2 - 11*f + 230. What is l(-18)?
104
Let d(w) = -2*w**3 + 15*w**2 + 94*w + 23. Give d(12).
-145
Let v(q) = 260*q - 4413. Calculate v(19).
527
Let u(f) = 232*f + 1081. Calculate u(-10).
-1239
Let t(j) = 2*j**3 - 21*j**2 + 23*j + 186. What is t(7)?
4
Let i(t) = t**2 - 454*t + 43059. Determine i(319).
-6
Let a(m) = m**2 - 28*m - 1480. Determine a(55).
5
Let q(y) = y**2 - 77*y + 987. What is q(14)?
105
Let i(h) = 2*h**3 + 15*h**2 - 2*h - 42. Calculate i(-8).
-90
Let j(q) = 2*q**2 - 6*q - 212. Determine j(12).
4
Let s(w) = 63*w**2 - 33*w - 33. What is s(-1)?
63
Let r(n) = 7*n**3 - 3*n**2 + 3*n - 20. Calculate r(3).
151
Let z(i) = i**2 + 65*i - 1805. What is z(-86)?
1
Let w(j) = -3*j**2 + 109*j + 556. Give w(41).
-18
Let x(k) = -52*k**2 - 2131*k + 32. Calculate x(-41).
-9
Let k(x) = -x**2 + 3*x + 13. Give k(0).
13
Let q(w) = w**3 + 42*w**2 + 121*w - 84. Calculate q(-39).
-240
Let d(p) = -4*p**2 + 80*p - 326. Determine d(6).
10
Let l(a) = 47*a**2 - 132*a + 3. Give l(3).
30
Let r(d) = d**3 + 15*d**2 + 25*d - 140. Determine r(-12).
-8
Let h(c) = 60*c**2 + 595*c - 20. Calculate h(-10).
30
Let i(l) = -3*l**3 - 47*l**2 - 26*l + 73. What is i(-15)?
13
Let q(a) = -38*a**2 - 381*a - 13. Give q(-10).
-3
Let x(o) = 8*o + 98. Give x(-27).
-118
Let t(g) = g**2 - 57*g - 307. Give t(-5).
3
Let c(n) = 4*n**3 - 5*n**2 + n + 8. Determine c(0).
8
Let i(d) = 6*d**2 - 1101*d + 552. Give i(183).
3
Let w(g) = 49*g + 608. Determine w(-12).
20
Let y(c) = c**3 + 11*c**2 + 16*c + 25. Calculate y(-6).
109
Let h(z) = -z**3 + 13*z**2 - 4*z - 127. Give h(12).
-31
Let u(k) = 270*k - 19967. What is u(74)?
13
Let o(d) = d**3 + d**2 - 2*d + 43. What is o(0)?
43
Let y(z) = z**3 + 46*z**2 - 54*z - 322. Determine y(-47).
7
Let s(p) = -p**3 - 74*p**2 - 27*p - 2001. What is s(-74)?
-3
Let w(v) = 2167*v + 49823. What is w(-23)?
-18
Let o(r) = -67*r**2 - 29*r + 10. Determine o(-3).
-506
Let d(y) = y**2 - 7*y - 20. Give d(10).
10
Let p(y) = 122*y**2 + 1583*y + 10. Give p(-13).
49
Let k(r) = 1226*r - 2455. What is k(2)?
-3
Let n(z) = 245*z - 163. Calculate n(1).
82
Let b(p) = 317*p - 1366. What is b(5)?
219
Let d(c) = 22*c - 130. Give d(6).
2
Let w(d) = -72*d**3 + 428*d**2 + 20*d + 7. Determine w(6).
-17
Let q(h) = -13*h + 506. Determine q(39).
-1
Let t(l) = -l**3 - 28*l**2 + 28*l + 26. Calculate t(-29).
55
Let v(z) = -426*z - 77086. Give v(-181).
20
Let v(n) = -6*n**3 + 7*n**2 - 2*n - 14. Calculate v(-5).
921
Let g(i) = i**2 + 38*i - 981. Calculate g(-56).
27
Let t(q) = q**3 + 3*q**2 + 2*q + 79. What is t(-6)?
-41
Let r(c) = 2*c**2 - 20*c + 78. Give r(5).
28
Let q(p) = -p**2 - 142*p - 287. W